{"id":13,"date":"2011-08-06T17:51:50","date_gmt":"2011-08-06T17:51:50","guid":{"rendered":"http:\/\/www.hf-baden-baden.de\/wordpress\/?page_id=13"},"modified":"2025-04-01T19:40:55","modified_gmt":"2025-04-01T19:40:55","slug":"welpen","status":"publish","type":"page","link":"https:\/\/www.hf-baden-baden.de\/?page_id=13","title":{"rendered":"Welpen"},"content":{"rendered":"<p>&#x26a0;&#xfe0f; Eine Anmeldung zur Welpengruppe ist aktuell nicht m\u00f6glich &#x26a0;&#xfe0f;<\/p>\n<p><img loading=\"lazy\" decoding=\"async\" src=\"https:\/\/www.hf-baden-baden.de\/wordpress\/wp-content\/uploads\/2022\/10\/20220615_174505580_iOS-300x450.jpg\" class=\"alignnone size-medium wp-image-15440\" width=\"300\" height=\"450\" alt=\"\" srcset=\"https:\/\/www.hf-baden-baden.de\/wordpress\/wp-content\/uploads\/2022\/10\/20220615_174505580_iOS-300x450.jpg 300w, https:\/\/www.hf-baden-baden.de\/wordpress\/wp-content\/uploads\/2022\/10\/20220615_174505580_iOS-682x1024.jpg 682w, https:\/\/www.hf-baden-baden.de\/wordpress\/wp-content\/uploads\/2022\/10\/20220615_174505580_iOS.jpg 700w\" sizes=\"auto, (max-width: 300px) 100vw, 300px\" \/><\/p>\n<p>Die Welpen werden bei uns in kleine Gruppen unterteilt je nach Gr\u00f6\u00dfe und Temperament.<br \/>\nBitte beachten Sie unsere Tips f\u00fcr die Teilnahme an den Welpengruppen: <a href=\"https:\/\/www.hf-baden-baden.de\/wordpress\/wp-content\/uploads\/2016\/03\/WelpengruppeInfo2016.pdf\" rel=\"\">Welpen-Flyer<\/a><\/p>\n<p>Hier wird der Grundstein f\u00fcr ein harmonisches miteinander gelegt<\/p>\n<p>&nbsp;<\/p>\n<p><strong>Sozialisierung mit anderen Hunden<\/strong><\/p>\n<p>In unserer Welpengruppe lernt der Welpe spielerisch, wie man sich unter Hunden verst\u00e4ndigt und sich zu benehmen hat.<\/p>\n<p><a href=\"https:\/\/www.hf-baden-baden.de\/wordpress\/wp-content\/uploads\/2011\/08\/img3806w.jpg\"><img loading=\"lazy\" decoding=\"async\" src=\"https:\/\/www.hf-baden-baden.de\/wordpress\/wp-content\/uploads\/2011\/08\/img3806w-300x200.jpg\" class=\"alignnone size-medium wp-image-150\" width=\"300\" height=\"200\" title=\"harmonisch ;-)\" alt=\"\" srcset=\"https:\/\/www.hf-baden-baden.de\/wordpress\/wp-content\/uploads\/2011\/08\/img3806w-300x200.jpg 300w, https:\/\/www.hf-baden-baden.de\/wordpress\/wp-content\/uploads\/2011\/08\/img3806w.jpg 500w\" sizes=\"auto, (max-width: 300px) 100vw, 300px\" \/><\/a><\/p>\n<p><strong>Sozialisierung mit Umweltreizen<\/strong><\/p>\n<p><img loading=\"lazy\" decoding=\"async\" src=\"https:\/\/www.hf-baden-baden.de\/wordpress\/wp-content\/uploads\/2022\/10\/20220518_170120906_iOS-345x450.jpg\" class=\"alignnone wp-image-15459\" alt=\"\" width=\"280\" height=\"365\" srcset=\"https:\/\/www.hf-baden-baden.de\/wordpress\/wp-content\/uploads\/2022\/10\/20220518_170120906_iOS-345x450.jpg 345w, https:\/\/www.hf-baden-baden.de\/wordpress\/wp-content\/uploads\/2022\/10\/20220518_170120906_iOS-785x1024.jpg 785w, https:\/\/www.hf-baden-baden.de\/wordpress\/wp-content\/uploads\/2022\/10\/20220518_170120906_iOS-768x1002.jpg 768w, https:\/\/www.hf-baden-baden.de\/wordpress\/wp-content\/uploads\/2022\/10\/20220518_170120906_iOS-1178x1536.jpg 1178w, https:\/\/www.hf-baden-baden.de\/wordpress\/wp-content\/uploads\/2022\/10\/20220518_170120906_iOS-1570x2048.jpg 1570w, https:\/\/www.hf-baden-baden.de\/wordpress\/wp-content\/uploads\/2022\/10\/20220518_170120906_iOS-scaled.jpg 1963w\" sizes=\"auto, (max-width: 280px) 100vw, 280px\" \/><img loading=\"lazy\" decoding=\"async\" src=\"https:\/\/www.hf-baden-baden.de\/wordpress\/wp-content\/uploads\/2022\/10\/20210901_171132303_iOS-343x450.jpg\" class=\"alignnone wp-image-15458\" alt=\"\" width=\"279\" height=\"366\" srcset=\"https:\/\/www.hf-baden-baden.de\/wordpress\/wp-content\/uploads\/2022\/10\/20210901_171132303_iOS-343x450.jpg 343w, https:\/\/www.hf-baden-baden.de\/wordpress\/wp-content\/uploads\/2022\/10\/20210901_171132303_iOS-781x1024.jpg 781w, https:\/\/www.hf-baden-baden.de\/wordpress\/wp-content\/uploads\/2022\/10\/20210901_171132303_iOS-768x1006.jpg 768w, https:\/\/www.hf-baden-baden.de\/wordpress\/wp-content\/uploads\/2022\/10\/20210901_171132303_iOS-1172x1536.jpg 1172w, https:\/\/www.hf-baden-baden.de\/wordpress\/wp-content\/uploads\/2022\/10\/20210901_171132303_iOS-1563x2048.jpg 1563w, https:\/\/www.hf-baden-baden.de\/wordpress\/wp-content\/uploads\/2022\/10\/20210901_171132303_iOS-scaled.jpg 1954w\" sizes=\"auto, (max-width: 279px) 100vw, 279px\" \/><\/p>\n<p>Behutsam werden die Welpen an verschiedenen Situationen herangef\u00fchrt, wie Flatterb\u00e4nder, Wackelbrett, B\u00e4llchenbad, Regenschirme, Klapperdosen uvm.<\/p>\n<p><img loading=\"lazy\" decoding=\"async\" src=\"https:\/\/www.hf-baden-baden.de\/wordpress\/wp-content\/uploads\/2022\/10\/20220615_173327090_iOS-450x300.jpg\" class=\"alignnone size-medium wp-image-15437\" width=\"450\" height=\"300\" alt=\"\" srcset=\"https:\/\/www.hf-baden-baden.de\/wordpress\/wp-content\/uploads\/2022\/10\/20220615_173327090_iOS-450x300.jpg 450w, https:\/\/www.hf-baden-baden.de\/wordpress\/wp-content\/uploads\/2022\/10\/20220615_173327090_iOS-1024x683.jpg 1024w, https:\/\/www.hf-baden-baden.de\/wordpress\/wp-content\/uploads\/2022\/10\/20220615_173327090_iOS-768x512.jpg 768w, https:\/\/www.hf-baden-baden.de\/wordpress\/wp-content\/uploads\/2022\/10\/20220615_173327090_iOS-576x384.jpg 576w, https:\/\/www.hf-baden-baden.de\/wordpress\/wp-content\/uploads\/2022\/10\/20220615_173327090_iOS.jpg 1200w\" sizes=\"auto, (max-width: 450px) 100vw, 450px\" \/><\/p>\n<p><strong>Erziehungs\u00fcbungen und Tipps f\u00fcr Menschen<\/strong><\/p>\n<p>Nat\u00fcrlich gibt es viele Tipps zur Erziehung des Welpen und kleine Erziehungs\u00fcbungen z.B nicht an der Leine ziehen, kommen auf Ruf, flie\u00dfen in den Unterricht ein.<\/p>\n<p><span style=\"font-size: revert\">Mensch und Hund sollen spielerisch mit- und voneinander lernen.<\/span><\/p>\n<p><img loading=\"lazy\" decoding=\"async\" src=\"https:\/\/www.hf-baden-baden.de\/wordpress\/wp-content\/uploads\/2022\/10\/20221018_183255835_iOS-450x322.jpg\" class=\"alignnone size-medium wp-image-15441\" width=\"450\" height=\"322\" alt=\"\" srcset=\"https:\/\/www.hf-baden-baden.de\/wordpress\/wp-content\/uploads\/2022\/10\/20221018_183255835_iOS-450x322.jpg 450w, https:\/\/www.hf-baden-baden.de\/wordpress\/wp-content\/uploads\/2022\/10\/20221018_183255835_iOS-768x549.jpg 768w, https:\/\/www.hf-baden-baden.de\/wordpress\/wp-content\/uploads\/2022\/10\/20221018_183255835_iOS.jpg 1000w\" sizes=\"auto, (max-width: 450px) 100vw, 450px\" \/><\/p>\n","protected":false},"excerpt":{"rendered":"<p>&#x26a0;&#xfe0f; Eine Anmeldung zur Welpengruppe ist aktuell nicht m\u00f6glich &#x26a0;&#xfe0f; Die Welpen werden bei uns in kleine Gruppen unterteilt je nach Gr\u00f6\u00dfe und Temperament. Bitte beachten Sie unsere Tips f\u00fcr&#8230; <a class=\"read-more-link\" href=\"https:\/\/www.hf-baden-baden.de\/?page_id=13\">Read more &raquo;<\/a><\/p>\n","protected":false},"author":1,"featured_media":0,"parent":9,"menu_order":1,"comment_status":"open","ping_status":"open","template":"","meta":{"ngg_post_thumbnail":0,"footnotes":""},"class_list":["post-13","page","type-page","status-publish","hentry"],"_links":{"self":[{"href":"https:\/\/www.hf-baden-baden.de\/index.php?rest_route=\/wp\/v2\/pages\/13","targetHints":{"allow":["GET"]}}],"collection":[{"href":"https:\/\/www.hf-baden-baden.de\/index.php?rest_route=\/wp\/v2\/pages"}],"about":[{"href":"https:\/\/www.hf-baden-baden.de\/index.php?rest_route=\/wp\/v2\/types\/page"}],"author":[{"embeddable":true,"href":"https:\/\/www.hf-baden-baden.de\/index.php?rest_route=\/wp\/v2\/users\/1"}],"replies":[{"embeddable":true,"href":"https:\/\/www.hf-baden-baden.de\/index.php?rest_route=%2Fwp%2Fv2%2Fcomments&post=13"}],"version-history":[{"count":16,"href":"https:\/\/www.hf-baden-baden.de\/index.php?rest_route=\/wp\/v2\/pages\/13\/revisions"}],"predecessor-version":[{"id":15661,"href":"https:\/\/www.hf-baden-baden.de\/index.php?rest_route=\/wp\/v2\/pages\/13\/revisions\/15661"}],"up":[{"embeddable":true,"href":"https:\/\/www.hf-baden-baden.de\/index.php?rest_route=\/wp\/v2\/pages\/9"}],"wp:attachment":[{"href":"https:\/\/www.hf-baden-baden.de\/index.php?rest_route=%2Fwp%2Fv2%2Fmedia&parent=13"}],"curies":[{"name":"wp","href":"https:\/\/api.w.org\/{rel}","templated":true}]}}