{"id":15,"date":"2011-08-06T17:52:15","date_gmt":"2011-08-06T17:52:15","guid":{"rendered":"http:\/\/www.hf-baden-baden.de\/wordpress\/?page_id=15"},"modified":"2022-10-24T07:26:43","modified_gmt":"2022-10-24T07:26:43","slug":"basis-begleithunde","status":"publish","type":"page","link":"https:\/\/www.hf-baden-baden.de\/?page_id=15","title":{"rendered":"Basis \/ Begleithunde"},"content":{"rendered":"<p>Hier lernt der Hundef\u00fchrer f\u00fcr jede Situation die richtigen H\u00f6rzeichen (&#8222;Fu\u00df&#8220;, &#8222;Sitz&#8220;, &#8222;Platz&#8220; usw.) einzusetzen und der Hund lernt, diese entsprechend umzusetzen.<img loading=\"lazy\" decoding=\"async\" class=\" wp-image-15453 alignright\" src=\"https:\/\/www.hf-baden-baden.de\/wordpress\/wp-content\/uploads\/2022\/10\/20200620_092929000_iOS-450x343.jpg\" alt=\"\" width=\"337\" height=\"257\" srcset=\"https:\/\/www.hf-baden-baden.de\/wordpress\/wp-content\/uploads\/2022\/10\/20200620_092929000_iOS-450x343.jpg 450w, https:\/\/www.hf-baden-baden.de\/wordpress\/wp-content\/uploads\/2022\/10\/20200620_092929000_iOS.jpg 500w\" sizes=\"auto, (max-width: 337px) 100vw, 337px\" \/><\/p>\n<p>Au\u00dferdem lernt der Hund das Verhalten zu anderen Menschen und Tieren und sich sicher im Stra\u00dfenverkehr zu bewegen, sowie ein gut erzogeneer Familienhund zu sein.<\/p>\n<p>In kleinen Gruppen \u00fcben wir f\u00fcr die Begleithundepr\u00fcfung oder den Team Test. Bei diesen beiden Pr\u00fcfungen muss der Hund zeigen, das er Kommandos&nbsp; wie Sitz, Platz, Bleib und Hier befolgt. Er muss bei Fu\u00df mit und (bei der BH-Pr\u00fcfung) ohne Leine laufen k\u00f6nnen und sich im Stra\u00dfenverkehr sicher bewegen k\u00f6nnen. Au\u00dferdem wird die Sozialisierung und Unbefangenheit \u00fcberpr\u00fcft und auch der Mensch muss (bei der BH-Pr\u00fcfung) in einem Sachkundetest diverse Fragen beantworten k\u00f6nnen.<\/p>\n<p>&nbsp;<\/p>\n<p>F\u00fcr Teams, die mit ihrem Hund nicht an Pr\u00fcfungen oder Turnieren in einer der swhv-Hundesportarten (z.B. Agility oder Obedience) teilnehmen m\u00f6chten, besteht die M\u00f6glichkeit zum Abschluss ihrer Basisausbildung einen Team Test zu laufen.<br \/>\nF\u00fcr die Teilnahme an Pr\u00fcfungen (z.B. Agility oder Obedience) ist eine bestandene BH-Pr\u00fcfung jedoch Voraussetzung.<\/p>\n<p>Egal ob Team Test oder BH-Pr\u00fcfung, unser Weg dorthin geht \u00fcber eine positive Ausbildung mit Lob, Spielzeug und Leckerlie als Best\u00e4tigung:<\/p>\n<p>&nbsp;<\/p>\n<p><strong>denn wir m\u00f6chten Hunde:<\/strong><\/p>\n<p>\u2013 die voll motiviert sind<\/p>\n<p>\u2013 die gl\u00fccklich sind und freudig gehorchen<\/p>\n<p>\u2013 die voller Energie sind<\/p>\n<p>\u2013 die ein L\u00e4cheln um die Schnauze haben und mit der Rute wedeln<\/p>\n<p><img loading=\"lazy\" decoding=\"async\" class=\"alignnone size-medium wp-image-15452\" src=\"https:\/\/www.hf-baden-baden.de\/wordpress\/wp-content\/uploads\/2022\/10\/20200620_092859250_iOS-450x301.jpg\" alt=\"\" width=\"450\" height=\"301\" srcset=\"https:\/\/www.hf-baden-baden.de\/wordpress\/wp-content\/uploads\/2022\/10\/20200620_092859250_iOS-450x301.jpg 450w, https:\/\/www.hf-baden-baden.de\/wordpress\/wp-content\/uploads\/2022\/10\/20200620_092859250_iOS.jpg 500w\" sizes=\"auto, (max-width: 450px) 100vw, 450px\" \/><\/p>\n","protected":false},"excerpt":{"rendered":"<p>Hier lernt der Hundef\u00fchrer f\u00fcr jede Situation die richtigen H\u00f6rzeichen (&#8222;Fu\u00df&#8220;, &#8222;Sitz&#8220;, &#8222;Platz&#8220; usw.) einzusetzen und der Hund lernt, diese entsprechend umzusetzen. Au\u00dferdem lernt der Hund das Verhalten zu anderen&#8230; <a class=\"read-more-link\" href=\"https:\/\/www.hf-baden-baden.de\/?page_id=15\">Read more &raquo;<\/a><\/p>\n","protected":false},"author":1,"featured_media":0,"parent":9,"menu_order":2,"comment_status":"open","ping_status":"open","template":"","meta":{"ngg_post_thumbnail":0,"footnotes":""},"class_list":["post-15","page","type-page","status-publish","hentry"],"_links":{"self":[{"href":"https:\/\/www.hf-baden-baden.de\/index.php?rest_route=\/wp\/v2\/pages\/15","targetHints":{"allow":["GET"]}}],"collection":[{"href":"https:\/\/www.hf-baden-baden.de\/index.php?rest_route=\/wp\/v2\/pages"}],"about":[{"href":"https:\/\/www.hf-baden-baden.de\/index.php?rest_route=\/wp\/v2\/types\/page"}],"author":[{"embeddable":true,"href":"https:\/\/www.hf-baden-baden.de\/index.php?rest_route=\/wp\/v2\/users\/1"}],"replies":[{"embeddable":true,"href":"https:\/\/www.hf-baden-baden.de\/index.php?rest_route=%2Fwp%2Fv2%2Fcomments&post=15"}],"version-history":[{"count":11,"href":"https:\/\/www.hf-baden-baden.de\/index.php?rest_route=\/wp\/v2\/pages\/15\/revisions"}],"predecessor-version":[{"id":15463,"href":"https:\/\/www.hf-baden-baden.de\/index.php?rest_route=\/wp\/v2\/pages\/15\/revisions\/15463"}],"up":[{"embeddable":true,"href":"https:\/\/www.hf-baden-baden.de\/index.php?rest_route=\/wp\/v2\/pages\/9"}],"wp:attachment":[{"href":"https:\/\/www.hf-baden-baden.de\/index.php?rest_route=%2Fwp%2Fv2%2Fmedia&parent=15"}],"curies":[{"name":"wp","href":"https:\/\/api.w.org\/{rel}","templated":true}]}}