{"id":9,"date":"2011-08-06T17:50:44","date_gmt":"2011-08-06T17:50:44","guid":{"rendered":"http:\/\/www.hf-baden-baden.de\/wordpress\/?page_id=9"},"modified":"2016-03-14T10:55:51","modified_gmt":"2016-03-14T10:55:51","slug":"ausbildung","status":"publish","type":"page","link":"https:\/\/www.hf-baden-baden.de\/?page_id=9","title":{"rendered":"Ausbildung"},"content":{"rendered":"<p>Eine der wichtigsten Aufgaben sehen wir darin, bei jungen Welpen in der w\u00f6chentlichen Welpenstunde mit der spielerischen Erziehung zum Familienhund zu beginnen und Ihnen moderate Sozialkontakte zu erm\u00f6glichen. Eine &#8222;Raufergruppe&#8220; finden Sie bei uns nicht.<\/p>\n<p>Bei der konsequenten Erziehung des Hundes verzichten wir ausdr\u00fccklich auf jede Anwendung von Gewalt.<br \/>\nDas Tragen von W\u00fcrgehalsb\u00e4ndern ohne Stop, Stachelhalsb\u00e4ndern, sowie Spray- oder Elektroschockhalsb\u00e4ndern ist auf unserem Hundeplatz untersagt.<\/p>\n<p>&nbsp;<\/p>\n<p>Welpengruppe<\/p>\n<p>Junghundeausbildung<\/p>\n<p>Basis-\/Begleithundetraining<\/p>\n<p>Agility<\/p>\n<p>Obedience<\/p>\n","protected":false},"excerpt":{"rendered":"<p>Eine der wichtigsten Aufgaben sehen wir darin, bei jungen Welpen in der w\u00f6chentlichen Welpenstunde mit der spielerischen Erziehung zum Familienhund zu beginnen und Ihnen moderate Sozialkontakte zu erm\u00f6glichen. Eine &#8222;Raufergruppe&#8220;&#8230; <a class=\"read-more-link\" href=\"https:\/\/www.hf-baden-baden.de\/?page_id=9\">Read more &raquo;<\/a><\/p>\n","protected":false},"author":1,"featured_media":0,"parent":0,"menu_order":2,"comment_status":"open","ping_status":"open","template":"","meta":{"ngg_post_thumbnail":0,"footnotes":""},"class_list":["post-9","page","type-page","status-publish","hentry"],"_links":{"self":[{"href":"https:\/\/www.hf-baden-baden.de\/index.php?rest_route=\/wp\/v2\/pages\/9","targetHints":{"allow":["GET"]}}],"collection":[{"href":"https:\/\/www.hf-baden-baden.de\/index.php?rest_route=\/wp\/v2\/pages"}],"about":[{"href":"https:\/\/www.hf-baden-baden.de\/index.php?rest_route=\/wp\/v2\/types\/page"}],"author":[{"embeddable":true,"href":"https:\/\/www.hf-baden-baden.de\/index.php?rest_route=\/wp\/v2\/users\/1"}],"replies":[{"embeddable":true,"href":"https:\/\/www.hf-baden-baden.de\/index.php?rest_route=%2Fwp%2Fv2%2Fcomments&post=9"}],"version-history":[{"count":6,"href":"https:\/\/www.hf-baden-baden.de\/index.php?rest_route=\/wp\/v2\/pages\/9\/revisions"}],"predecessor-version":[{"id":1097,"href":"https:\/\/www.hf-baden-baden.de\/index.php?rest_route=\/wp\/v2\/pages\/9\/revisions\/1097"}],"wp:attachment":[{"href":"https:\/\/www.hf-baden-baden.de\/index.php?rest_route=%2Fwp%2Fv2%2Fmedia&parent=9"}],"curies":[{"name":"wp","href":"https:\/\/api.w.org\/{rel}","templated":true}]}}